{"id":134,"date":"2020-07-12T13:45:36","date_gmt":"2020-07-12T16:45:36","guid":{"rendered":"http:\/\/medgen.com.br\/portal\/?page_id=134"},"modified":"2020-08-19T20:04:53","modified_gmt":"2020-08-19T23:04:53","slug":"quem-somos","status":"publish","type":"page","link":"https:\/\/medgen.com.br\/portal\/quem-somos\/","title":{"rendered":"Quem Somos"},"content":{"rendered":"\t\t<div data-elementor-type=\"wp-page\" data-elementor-id=\"134\" class=\"elementor elementor-134\">\n\t\t\t\t\t\t<section class=\"elementor-section elementor-top-section elementor-element elementor-element-57c5aee elementor-section-boxed elementor-section-height-default elementor-section-height-default\" data-id=\"57c5aee\" data-element_type=\"section\">\n\t\t\t\t\t\t<div class=\"elementor-container elementor-column-gap-default\">\n\t\t\t\t\t<div class=\"elementor-column elementor-col-50 elementor-top-column elementor-element elementor-element-1d0a6cc\" data-id=\"1d0a6cc\" data-element_type=\"column\">\n\t\t\t<div class=\"elementor-widget-wrap elementor-element-populated\">\n\t\t\t\t\t\t<div class=\"elementor-element elementor-element-081fd1a elementor-widget-divider--view-line_icon elementor-view-default elementor-widget-divider--element-align-center elementor-widget elementor-widget-divider\" data-id=\"081fd1a\" data-element_type=\"widget\" data-widget_type=\"divider.default\">\n\t\t\t\t<div class=\"elementor-widget-container\">\n\t\t\t\t\t\t\t<div class=\"elementor-divider\">\n\t\t\t<span class=\"elementor-divider-separator\">\n\t\t\t\t\t\t\t<div class=\"elementor-icon elementor-divider__element\">\n\t\t\t\t\t<i aria-hidden=\"true\" class=\"fas fa-dna\"><\/i><\/div>\n\t\t\t\t\t\t<\/span>\n\t\t<\/div>\n\t\t\t\t\t\t<\/div>\n\t\t\t\t<\/div>\n\t\t\t\t<div class=\"elementor-element elementor-element-f7d1bd7 elementor-widget elementor-widget-text-editor\" data-id=\"f7d1bd7\" data-element_type=\"widget\" data-widget_type=\"text-editor.default\">\n\t\t\t\t<div class=\"elementor-widget-container\">\n\t\t\t\t\t\t\t\t\t<p><span style=\"color: #000080;\">O MedGen \u00e9 um laborat\u00f3rio com grande experi\u00eancia em Gen\u00e9tica Humana e Doen\u00e7as Infecciosas.\u00a0<\/span><\/p><p><span style=\"color: #000080;\">Com profissionais altamente qualificados (Mestrado e Doutorado) atende todo o pa\u00eds h\u00e1 mais de vinte quatro anos, prestando servi\u00e7os \u00e0s \u00e1reas da sa\u00fade e forense.\u00a0<\/span><\/p><p><span style=\"color: #000080;\">O MedGen tamb\u00e9m oferece consultas m\u00e9dicas em gen\u00e9tica e aconselhamento gen\u00e9tico. Entre em contato para saber mais.<\/span><\/p>\t\t\t\t\t\t\t\t<\/div>\n\t\t\t\t<\/div>\n\t\t\t\t<div class=\"elementor-element elementor-element-5f1f59f elementor-widget elementor-widget-text-editor\" data-id=\"5f1f59f\" data-element_type=\"widget\" data-widget_type=\"text-editor.default\">\n\t\t\t\t<div class=\"elementor-widget-container\">\n\t\t\t\t\t\t\t\t\t<p><span style=\"color: #000080;\"><strong>Miss\u00e3o:\u00a0<\/strong><\/span><\/p><p><span style=\"color: #000080;\">Realizar diagn\u00f3sticos precisos, assegurando a confian\u00e7a e a\u00a0rapidez dos resultados.<\/span><\/p><p>\u00a0<\/p><p><span style=\"color: #000080;\"><strong>Vis\u00e3o<\/strong>:\u00a0<\/span><\/p><p><span style=\"color: #000080;\">Ser o laborat\u00f3rio de melhor escolha pela excel\u00eancia dos\u00a0servi\u00e7os prestados e pelo bom relacionamento com parceiros e clientes.\u00a0<\/span><\/p><p>\u00a0<\/p><p><span style=\"color: #000080;\"><strong>Valores<\/strong>:\u00a0<\/span><\/p><p><span style=\"color: #000080;\">\u00c9tica profissional<\/span><\/p><p><span style=\"color: #000080;\">Respeito e bom relacionamento<\/span><\/p><p><span style=\"color: #000080;\">Responsabilidade socioambiental<\/span><\/p><p><span style=\"background-color: transparent; color: #000080;\">Compromisso com a pesquisa e inova\u00e7\u00e3o\u00a0<\/span><\/p>\t\t\t\t\t\t\t\t<\/div>\n\t\t\t\t<\/div>\n\t\t\t\t\t<\/div>\n\t\t<\/div>\n\t\t\t\t<div class=\"elementor-column elementor-col-50 elementor-top-column elementor-element elementor-element-0bdcc80\" data-id=\"0bdcc80\" data-element_type=\"column\" data-settings=\"{&quot;background_background&quot;:&quot;classic&quot;}\">\n\t\t\t<div class=\"elementor-widget-wrap elementor-element-populated\">\n\t\t\t\t\t\t<div class=\"elementor-element elementor-element-b37f2c8 elementor-view-default elementor-position-top elementor-mobile-position-top elementor-widget elementor-widget-icon-box\" data-id=\"b37f2c8\" data-element_type=\"widget\" data-widget_type=\"icon-box.default\">\n\t\t\t\t<div class=\"elementor-widget-container\">\n\t\t\t\t\t\t\t<div class=\"elementor-icon-box-wrapper\">\n\n\t\t\t\t\t\t<div class=\"elementor-icon-box-icon\">\n\t\t\t\t<span  class=\"elementor-icon\">\n\t\t\t\t<i aria-hidden=\"true\" class=\"fas fa-wheelchair\"><\/i>\t\t\t\t<\/span>\n\t\t\t<\/div>\n\t\t\t\n\t\t\t\t\t\t<div class=\"elementor-icon-box-content\">\n\n\t\t\t\t\t\t\t\t\t<h3 class=\"elementor-icon-box-title\">\n\t\t\t\t\t\t<span  >\n\t\t\t\t\t\t\tAcessibilidade\t\t\t\t\t\t<\/span>\n\t\t\t\t\t<\/h3>\n\t\t\t\t\n\t\t\t\t\t\t\t\t\t<p class=\"elementor-icon-box-description\">\n\t\t\t\t\t\tContamos com acesso a portadores de necessidades especiais.\t\t\t\t\t<\/p>\n\t\t\t\t\n\t\t\t<\/div>\n\t\t\t\n\t\t<\/div>\n\t\t\t\t\t\t<\/div>\n\t\t\t\t<\/div>\n\t\t\t\t<div class=\"elementor-element elementor-element-7b30fde elementor-view-default elementor-position-top elementor-mobile-position-top elementor-widget elementor-widget-icon-box\" data-id=\"7b30fde\" data-element_type=\"widget\" data-widget_type=\"icon-box.default\">\n\t\t\t\t<div class=\"elementor-widget-container\">\n\t\t\t\t\t\t\t<div class=\"elementor-icon-box-wrapper\">\n\n\t\t\t\t\t\t<div class=\"elementor-icon-box-icon\">\n\t\t\t\t<span  class=\"elementor-icon\">\n\t\t\t\t<i aria-hidden=\"true\" class=\"fas fa-trophy\"><\/i>\t\t\t\t<\/span>\n\t\t\t<\/div>\n\t\t\t\n\t\t\t\t\t\t<div class=\"elementor-icon-box-content\">\n\n\t\t\t\t\t\t\t\t\t<h3 class=\"elementor-icon-box-title\">\n\t\t\t\t\t\t<span  >\n\t\t\t\t\t\t\tCapacidade de Trabalho\t\t\t\t\t\t<\/span>\n\t\t\t\t\t<\/h3>\n\t\t\t\t\n\t\t\t\t\t\t\t\t\t<p class=\"elementor-icon-box-description\">\n\t\t\t\t\t\tConhecimento t\u00e9cnico avan\u00e7ado que permite o desenvolvimento da pr\u00f3pria tecnologia, resultando em pre\u00e7os competitivos e alta qualidade na realiza\u00e7\u00e3o dos procedimentos oferecidos.\t\t\t\t\t<\/p>\n\t\t\t\t\n\t\t\t<\/div>\n\t\t\t\n\t\t<\/div>\n\t\t\t\t\t\t<\/div>\n\t\t\t\t<\/div>\n\t\t\t\t\t<\/div>\n\t\t<\/div>\n\t\t\t\t\t<\/div>\n\t\t<\/section>\n\t\t\t\t<\/div>\n\t\t","protected":false},"excerpt":{"rendered":"<p>O MedGen \u00e9 um laborat\u00f3rio com grande experi\u00eancia em Gen\u00e9tica Humana e Doen\u00e7as Infecciosas.\u00a0 Com profissionais altamente qualificados (Mestrado e Doutorado) atende todo o pa\u00eds h\u00e1 mais de vinte quatro anos, prestando servi\u00e7os \u00e0s \u00e1reas da sa\u00fade e forense.\u00a0 O MedGen tamb\u00e9m oferece consultas m\u00e9dicas em gen\u00e9tica e aconselhamento gen\u00e9tico. Entre em contato para saber &#8230; <a title=\"Quem Somos\" class=\"read-more\" href=\"https:\/\/medgen.com.br\/portal\/quem-somos\/\" aria-label=\"More on Quem Somos\">Ler mais<\/a><\/p>\n","protected":false},"author":1,"featured_media":0,"parent":0,"menu_order":0,"comment_status":"closed","ping_status":"closed","template":"","meta":{"footnotes":""},"class_list":["post-134","page","type-page","status-publish"],"_links":{"self":[{"href":"https:\/\/medgen.com.br\/portal\/wp-json\/wp\/v2\/pages\/134","targetHints":{"allow":["GET"]}}],"collection":[{"href":"https:\/\/medgen.com.br\/portal\/wp-json\/wp\/v2\/pages"}],"about":[{"href":"https:\/\/medgen.com.br\/portal\/wp-json\/wp\/v2\/types\/page"}],"author":[{"embeddable":true,"href":"https:\/\/medgen.com.br\/portal\/wp-json\/wp\/v2\/users\/1"}],"replies":[{"embeddable":true,"href":"https:\/\/medgen.com.br\/portal\/wp-json\/wp\/v2\/comments?post=134"}],"version-history":[{"count":19,"href":"https:\/\/medgen.com.br\/portal\/wp-json\/wp\/v2\/pages\/134\/revisions"}],"predecessor-version":[{"id":1985,"href":"https:\/\/medgen.com.br\/portal\/wp-json\/wp\/v2\/pages\/134\/revisions\/1985"}],"wp:attachment":[{"href":"https:\/\/medgen.com.br\/portal\/wp-json\/wp\/v2\/media?parent=134"}],"curies":[{"name":"wp","href":"https:\/\/api.w.org\/{rel}","templated":true}]}}